26 is divided by 18.
8
Calculate the remainder when 734 is divided by 91.
6
Calculate the remainder when 454 is divided by 81.
49
What is the remainder when 350 is divided by 22?
20
What is the remainder when 103 is divided by 16?
7
Calculate the remainder when 4255 is divided by 32.
31
What is the remainder when 59 is divided by 12?
11
Calculate the remainder when 49 is divided by 9.
4
Calculate the remainder when 513 is divided by 13.
6
Calculate the remainder when 147 is divided by 104.
43
Calculate the remainder when 1068 is divided by 10.
8
What is the remainder when 300 is divided by 16?
12
What is the remainder when 1583 is divided by 88?
87
What is the remainder when 254 is divided by 51?
50
Calculate the remainder when 102 is divided by 13.
11
Calculate the remainder when 6089 is divided by 3042.
5
Calculate the remainder when 1961 is divided by 26.
11
Calculate the remainder when 112 is divided by 19.
17
What is the remainder when 1096 is divided by 546?
4
Calculate the remainder when 980 is divided by 23.
14
What is the remainder when 588 is divided by 307?
281
Calculate the remainder when 612 is divided by 77.
73
What is the remainder when 6363 is divided by 32?
27
Calculate the remainder when 163 is divided by 133.
30
What is the remainder when 19 is divided by 14?
5
What is the remainder when 434 is divided by 63?
56
Calculate the remainder when 7081 is divided by 28.
25
Calculate the remainder when 286 is divided by 73.
67
Calculate the remainder when 722 is divided by 149.
126
What is the remainder when 57 is divided by 27?
3
What is the remainder when 4665 is divided by 359?
357
What is the remainder when 1287 is divided by 56?
55
Calculate the remainder when 345 is divided by 25.
20
Calculate the remainder when 415 is divided by 207.
1
Calculate the remainder when 264 is divided by 45.
39
What is the remainder when 375 is divided by 20?
15
Calculate the remainder when 488 is divided by 124.
116
What is the remainder when 4644 is divided by 83?
79
Calculate the remainder when 210 is divided by 10.
0
Calculate the remainder when 2752 is divided by 27.
25
What is the remainder when 554 is divided by 39?
8
What is the remainder when 577 is divided by 117?
109
What is the remainder when 191 is divided by 28?
23
What is the remainder when 269 is divided by 21?
17
Calculate the remainder when 62 is divided by 36.
26
What is the remainder when 118 is divided by 42?
34
What is the remainder when 112 is divided by 59?
53
What is the remainder when 93 is divided by 34?
25
Calculate the remainder when 59 is divided by 12.
11
Calculate the remainder when 756 is divided by 68.
8
What is the remainder when 14231 is divided by 3556?
7
Calculate the remainder when 717 is divided by 79.
6
Calculate the remainder when 22639 is divided by 20.
19
What is the remainder when 534 is divided by 123?
42
What is the remainder when 5375 is divided by 20?
15
Calculate the remainder when 1509 is divided by 126.
123
What is the remainder when 461 is divided by 58?
55
Calculate the remainder when 693 is divided by 340.
13
What is the remainder when 228 is divided by 71?
15
Calculate the remainder when 467 is divided by 67.
65
What is the remainder when 1591 is divided by 59?
57
What is the remainder when 34 is divided by 21?
13
Calculate the remainder when 862 is divided by 48.
46
Calculate the remainder when 820 is divided by 31.
14
What is the remainder when 221 is divided by 25?
21
What is the remainder when 710 is divided by 79?
78
What is the remainder when 14 is divided by 2?
0
What is the remainder when 217 is divided by 83?
51
What is the remainder when 123 is divided by 15?
3
Calculate the remainder when 25172 is divided by 25.
22
Calculate the remainder when 184 is divided by 40.
24
What is the remainder when 957 is divided by 137?
135
What is the remainder when 159 is divided by 10?
9
What is the remainder when 237 is divided by 152?
85
Calculate the remainder when 2143 is divided by 428.
3
What is the remainder when 209 is divided by 70?
69
Calculate the remainder when 2686 is divided by 48.
46
What is the remainder when 106 is divided by 50?
6
What is the remainder when 23 is divided by 9?
5
Calculate the remainder when 37 is divided by 4.
1
What is the remainder when 229 is divided by 73?
10
What is the remainder when 1911 is divided by 192?
183
Calculate the remainder when 18889 is divided by 3.
1
What is the remainder when 296 is divided by 117?
62
Calculate the remainder when 179 is divided by 20.
19
What is the remainder when 216 is divided by 33?
18
What is the remainder when 2057 is divided by 130?
107
Calculate the remainder when 318 is divided by 23.
19
What is the remainder when 6173 is divided by 126?
125
What is the remainder when 1493 is divided by 169?
141
What is the remainder when 1114 is divided by 7?
1
Calculate the remainder when 1425 is divided by 129.
6
Calculate the remainder when 110 is divided by 78.
32
What is the remainder when 86 is divided by 19?
10
What is the remainder when 839 is divided by 12?
11
What is the remainder when 339 is divided by 18?
15
Calculate the remainder when 246 is divided by 8.
6
Calculate the remainder when 6 is divided by 3.
0
Calculate the remainder when 5652 is divided by 257.
255
What is the remainder when 191 is divided by 35?
16
What is the remainder when 79 is divided by 20?
19
What is the remainder when 9804 is divided by 185?
184
What is the remainder when 1112 is divided by 240?
152
What is the remainder when 131 is divided by 30?
11
Calculate the remainder when 284 is divided by 11.
9
What is the remainder when 1399 is divided by 40?
39
What is the remainder when 1951 is divided by 45?
16
Calculate the remainder when 70 is divided by 9.
7
Calculate the remainder when 446 is divided by 151.
144
Calculate the remainder when 178 is divided by 97.
81
Calculate the remainder when 27193 is divided by 35.
33
What is the remainder when 1151 is divided by 144?
143
Calculate the remainder when 316 is divided by 32.
28
What is the remainder when 9719 is divided by 81?
80
Calculate the remainder when 4972 is divided by 6.
4
Calculate the remainder when 545 is divided by 40.
25
Calculate the remainder when 562 is divided by 16.
2
Calculate the remainder when 1422 is divided by 46.
42
What is the remainder when 58 is divided by 44?
14
What is the remainder when 2729 is divided by 182?
181
What is the remainder when 1881 is divided by 55?
11
Calculate the remainder when 15379 is divided by 181.
175
What is the remainder when 239 is divided by 98?
43
What is the remainder when 6565 is divided by 7?
6
Calculate the remainder when 26879 is divided by 87.
83
What is the remainder when 598 is divided by 110?
48
Calculate the remainder when 2460 is divided by 112.
108
What is the remainder when 72 is divided by 15?
12
What is the remainder when 2159 is divided by 23?
20
Calculate the remainder when 568 is divided by 97.
83
What is the remainder when 1766 is divided by 148?
138
What is the remainder when 1218 is divided by 61?
59
Calculate the remainder when 1823 is divided by 114.
113
What is the remainder when 1486 is divided by 8?
6
Calculate the remainder when 219 is divided by 37.
34
Calculate the remainder when 145 is divided by 52.
41
Calculate the remainder when 231 is divided by 39.
36
Calculate the remainder when 434 is divided by 204.
26
Calculate the remainder when 53 is divided by 5.
3
Calculate the remainder when 149 is divided by 62.
25
What is the remainder when 8935 is divided by 4457?
21
Calculate the remainder when 231 is divided by 3.
0
Calculate the remainder when 105 is divided by 51.
3
Calculate the remainder when 263 is divided by 13.
3
What is the remainder when 1459 is divided by 372?
343
Calculate the remainder when 173 is divided by 50.
23
What is the remainder when 16537 is divided by 25?
12
Calculate the remainder when 1608 is divided by 10.
8
What is the remainder when 861 is divided by 13?
3
Calculate the remainder when 75 is divided by 32.
11
Calculate the remainder when 39 is divided by 14.
11
Calculate the remainder when 1031 is divided by 60.
11
Calculate the remainder when 127 is divided by 5.
2
Calculate the remainder when 36117 is divided by 140.
137
Calculate 